 -3266 - -3380. What is the remainder when n is divided by 87?
27
Let d(a) = a**2 - a + 1. Let v = 78 + -82. Let z(r) = -r**3 + 3*r**2 + 21*r - 3. Calculate the remainder when z(v) is divided by d(-3).
12
Suppose 25*i + 80 = 33*i. Calculate the remainder when 1*(-1840)/(2 - i) is divided by 18.
14
Suppose 0 = -48*b + 44*b - 12. Calculate the remainder when 12 is divided by -3 + (-2)/(-2) + b + 10.
2
Let y(c) = 2*c**3 - 103*c**2 - 54*c + 127. Calculate the remainder when 802 is divided by y(52).
20
Let y = -28 + -54. Let d = y - -88. Calculate the remainder when 28 is divided by d.
4
Suppose -6*r + 3*r + 1316 = 11*r. What is the remainder when 313 is divided by r?
31
Let a = -76 - -142. Suppose -f = 5*f - a. Calculate the remainder when f is divided by 186/26 - (-8)/(-52).
4
Let b be (-6)/1 + 7722/(-33). Let h = b - -250. Calculate the remainder when 41 is divided by h.
1
Let i(w) = 82*w**2 + 30*w + 6. What is the remainder when i(-3) is divided by 73?
70
Suppose 0 = -3*b - 14 + 8. What is the remainder when (6 + -7 + 3)*(-7)/b is divided by 2?
1
Suppose -5002 = 115*b - 156*b. Calculate the remainder when 4755 is divided by b.
119
Suppose 112*j + 598 = 2*s + 118*j, j + 612 = 2*s. What is the remainder when s is divided by 140?
25
Let h = 513137 + -513121. What is the remainder when 14*(8 - -1)/1 is divided by h?
14
Let i = -28 + 88. Let w = 64 - i. Suppose -w*g - 5*m + 560 = 0, -3*g + 82 = 3*m - 341. Calculate the remainder when g is divided by 49.
47
Let r = 360 + 0. Suppose 346 = 3*d - i + 76, -i = 4*d - r. Suppose -6*w + d = -72. What is the remainder when w is divided by 17?
10
Let m = 193 + -299. Let w = m + 124. Suppose 5*o + 281 = 4*p, 2*p - o - o = 140. What is the remainder when p is divided by w?
15
Suppose 188 = -4*w - 3*b + 800, 4*w - 660 = 3*b. What is the remainder when 4627 is divided by w?
16
Suppose 0 = 5*m - 2*m - 39. Let p be (-2)/(-16) + 4075/40. Suppose 2*q + 56 = p. Calculate the remainder when q is divided by m.
10
Let p(m) = -2*m**3 + 2*m**2 + 4*m + 5. Let t be p(3). Calculate the remainder when 31 is divided by 0 + 20 - 1 - (23 + t).
1
Let h = -361 + 743. What is the remainder when h is divided by 95?
2
Suppose -32*u - 14 + 366 = 0. What is the remainder when (-1)/4 + -15*(-153)/108 is divided by u?
10
Suppose -4*n - 5*c + 2024 = -152, 0 = -4*c - 16. What is the remainder when n is divided by 45?
9
Let j = 532 + -380. Suppose -61*z + 1044 = -363 - 1033. Calculate the remainder when j is divided by z.
32
Let n = -69 + 142. Let k = 7592 - 7454. What is the remainder when k is divided by n?
65
Let m(f) = -16*f - 23*f + 3 + 55*f - 14*f. Calculate the remainder when 19 is divided by m(2).
5
Suppose -3 + 3 = -11*m. Suppose m = 5*z + 12 - 32. Suppose -4*b + z*k - 126 = -7*b, 4*b - 3*k - 168 = 0. What is the remainder when b is divided by 23?
19
Let u = 11631 + -11214. Calculate the remainder when u is divided by 194.
29
Let o = -44 + 46. Let u be o*(2 + -2*(-69)/12). What is the remainder when 70 is divided by u/54 + (-1 - (-37)/2)?
16
Let v = -47166 - -31151. Let h be ((-6)/5)/(v/3200 + 5). Suppose h + 145 = 5*t - p, -p = -4*t + 320. What is the remainder when t is divided by 28?
25
Let s = -257 + 181. Let p be 3 - (-328)/(4 + 0). Let x = s + p. Calculate the remainder when 52 is divided by x.
7
Suppose 0*c - 535 = j + 3*c, 4*c = 3*j + 1631. Let g = j - -554. What is the remainder when g is divided by 4?
1
Let u(b) = b**3 - 7*b**2 + 9*b - 12. Let h be u(6). Calculate the remainder when 84 is divided by h/(15/(-5)) - -40.
8
Let y(d) = d**3 + d**2 + 7*d + 10. Let u(t) = -4*t**3 - 2*t**2 - 13*t - 19. Let l(f) = 6*u(f) + 11*y(f). What is the remainder when l(-2) is divided by 9?
8
Suppose -25*n - 2482 = -10732. Let g = 373 - n. What is the remainder when 120 is divided by g?
34
Suppose -5*z - 3*z = -6600. Let g = -475 + z. What is the remainder when g is divided by 13?
12
Suppose 6649*c - 918 = 6648*c. What is the remainder when 939 is divided by c?
21
Suppose -8 = y - 3*y - 2*g, y = -5*g. What is the remainder when 59 is divided by (y - 2)*2*(-217)/(-42)?
28
Suppose 3*j - 2438 = 93*y - 89*y, -20 = 4*y. Calculate the remainder when j is divided by 90.
86
Let v = 229 + -223. What is the remainder when (1547/(-3))/(-7) + 2/v is divided by 15?
14
Suppose 0 = -4*r - 0*r + 104. Let d be (20/(-8))/(5/(-10)). Let p = r + d. Calculate the remainder when 90 is divided by p.
28
What is the remainder when 2666 is divided by 3*(5 + -7 + 692/12)?
161
Calculate the remainder when 2936 is divided by 6*(24 - 0)/(-6 - (-228)/32).
120
Suppose 0 = 13*v - 3*v - 1620. Let d = v + -86. Calculate the remainder when d is divided by 16.
12
Suppose b = 3*h - 320, -h + 2*b - 95 = -2*h. Suppose 5*y - 9 = -9. Calculate the remainder when h is divided by (12 - 10) + 16 + y.
15
Suppose -3*w + 1029 = 5*w - 5*h, -h = -2*w + 257. What is the remainder when 328 is divided by w?
72
Let s = 2786 - 2747. What is the remainder when 122 is divided by s?
5
Suppose 18*p - 4028 - 16366 = 0. Calculate the remainder when p is divided by 18.
17
Suppose 32*h = -3*p + 31*h + 228, 0 = 5*p - 5*h - 420. Calculate the remainder when p is divided by 9.
6
Suppose -4*j = -2*a - 16, 3*a + 2 = j - 7. Calculate the remainder when 29 is divided by (-56 + 72)/(-1 - a).
13
Let p(f) = f**3 - 6*f**2 - 14*f - 1. Let y be p(8). Suppose 3*c - 90 = 2*u + u, -3*u = 3*c - 102. Calculate the remainder when c is divided by 212/20 + 6/y.
10
Suppose -3*l - 3*b + 18 = 0, -5*b + 4*b = -4. Suppose 10 = -h + 5*w + 2, 4*h - l*w - 22 = 0. Calculate the remainder when 30 is divided by h.
2
Suppose -112*j = -121*j + 27. Suppose -2*s + 6*s = -84. What is the remainder when 1 - (581/s + 2/j) is divided by 10?
8
Let v(z) = -11*z - 14. What is the remainder when v(-6) is divided by 15 + 4 + -29 + 21?
8
Let h(i) = 13*i**2 + 271*i - 1405. Calculate the remainder when 817 is divided by h(5).
267
Let s = -8 + 11. Calculate the remainder when ((-8)/12)/((-3)/90) is divided by (-22)/(1*(1 - s)).
9
Let j = 2881 - 2843. What is the remainder when 708 is divided by j?
24
Let r = -16 + 30. Let z be (6/(-14) + (-232)/(-280))*-5. Calculate the remainder when 63 + 1 + (-1 + 4 - z) is divided by r.
13
Let k(s) = -2*s + 19. Let p be k(-7). Let m = 6 + p. Suppose 68 = 3*j + u, j - 4*u - 1 - 13 = 0. What is the remainder when m is divided by j?
17
Let p(y) = -20*y - 2 - 31*y + 53*y + 13*y**2. What is the remainder when 25 is divided by p(1)?
12
Suppose -7*x + 1413 = 475. Let z = -69 + x. Suppose 65 = 4*b - 3*i, 0 = 8*b - 4*b - 5*i - 63. What is the remainder when z is divided by b?
14
Let v = 2214 + -2056. Calculate the remainder when v is divided by 8.
6
Let u = 20929 + -20923. Let o(r) = 13*r**2 + 2*r - 1. Calculate the remainder when o(3) is divided by u.
2
Let y = -2819 - -3450. What is the remainder when y is divided by 11?
4
Suppose 140 = 3*a + z, -2*a + 65 + 30 = -z. What is the remainder when 2348 is divided by a?
45
Let k(u) = -u**2 + 25*u + 617. What is the remainder when 625 is divided by k(-15)?
13
Let d(v) = 16*v + 75. Let k be d(5). Suppose 50 = -5*c + k. What is the remainder when c is divided by 2?
1
Let r(s) = s**2 + 14*s + 3. Let v be r(-17). Let w be -3*6/v - 1/(-3). Suppose 3*m - 7*m + 48 = w. Calculate the remainder when 20 is divided by m.
8
Suppose -28*m + 33*m = 275. Suppose -10*i + 335 = -m. What is the remainder when i is divided by 17?
5
Let t = 40 + 73. Let c = 11197 - 11106. Let v = t - c. Calculate the remainder when 87 is divided by v.
21
Suppose -t - 453 = 3*f - 1416, 3900 = 4*t - 4*f. Suppose -106 = -2*a + 22. Calculate the remainder when a is divided by ((-4)/12)/(-3*6/t).
10
Suppose -v - 4 = -55. Let q(d) = -d**3 + 5*d**2 + 14*d + 14. What is the remainder when v is divided by q(7)?
9
Let f = -2 - -5. Suppose -5*b + 3*b + 3*a - 8 = 0, -f*a = -3*b - 6. What is the remainder when 6/8 + (-500)/(-80) is divided by b?
1
Let r = -63 + 68. Suppose -r*g + 0*a + 91 = -a, 2*a = 4*g - 74. What is the remainder when 105 is divided by g?
15
Let u(w) = 11*w - 16. Let h be u(12). Suppose -6*z - 368 = -h. What is the remainder when 43/3 - 28/z is divided by 3?
0
Let l = 10 - 6. Suppose -q = q - 0*q - 5*h - 156, 0 = -3*h + 24. Calculate the remainder when q is divided by l.
2
Let g(v) = -42*v - 4251. Calcul